{"id":82,"date":"2021-04-02T21:06:56","date_gmt":"2021-04-02T19:06:56","guid":{"rendered":"https:\/\/hemp-impact.com\/offer\/?post_type=product&#038;p=82"},"modified":"2021-04-02T21:06:59","modified_gmt":"2021-04-02T19:06:59","slug":"earlina","status":"publish","type":"product","link":"https:\/\/hemp-impact.com\/offer\/?product=earlina","title":{"rendered":"Earlina"},"content":{"rendered":"<h3><b>Earlina<\/b><\/h3>\n<p><span style=\"font-weight: 400;\">Fasern, Premium-Sorte<\/span><\/p>\n<p><span style=\"font-weight: 400;\">EINH\u00c4USIG<\/span><\/p>\n<p><span style=\"font-weight: 400;\">Wachstumszyklus : 115 bis 120 Tage<br \/>\n<\/span><span style=\"font-weight: 400;\">(f\u00fcr ungedroschene Ernte, auf dem Breitengrad von Le Mans)<\/span><\/p>\n<p><span style=\"font-weight: 400;\">Earlina ist die einzige Sorte, die ausschlie\u00dflich f\u00fcr die Saatgutproduktion in den geographischen Lagen Nordeuropas gez\u00fcchtet wurde. Ihre sehr kurze Wachstumsperiode ist perfekt an die Witterungsbedingungen im sp\u00e4ten Fr\u00fchjahr und fr\u00fchen Herbst angepasst.<\/span><\/p>\n<h3><b>Earlina<\/b><b> EIGENSCHAFTEN<\/b><\/h3>\n<h4><b>Saatgut-Qualit\u00e4t<\/b><\/h4>\n<h4><b>Saatgutqualit\u00e4t : die durchschnittliche Keimf\u00e4higkeit f\u00fcr die letzten 10 Jahre (unter Ber\u00fccksichtigung der Tatsache, dass die Standards f\u00fcr die Saatgutzertifizierung eine Keimf\u00e4higkeit von mindestens 75 % erfordern)<\/b><\/h4>\n<p><span style=\"font-weight: 400;\">Keimf\u00e4higkeit : 94 %<\/span><\/p>\n<h4><b>Eigenschaften der Sorte<\/b><\/h4>\n<ul>\n<li style=\"font-weight: 400;\" aria-level=\"1\"><span style=\"font-weight: 400;\">Typ : Einh\u00e4usig<\/span><\/li>\n<li style=\"font-weight: 400;\" aria-level=\"1\"><span style=\"font-weight: 400;\">Gehalt : in \u03949-THC &lt; 0,2%<\/span><\/li>\n<li style=\"font-weight: 400;\" aria-level=\"1\"><span style=\"font-weight: 400;\">Faserpotenzial : Reichhaltig<\/span><\/li>\n<\/ul>\n<h4><b>Fruchtreife:<\/b><\/h4>\n<p><span style=\"font-weight: 400;\">Sehr fr\u00fchbl\u00fchend:\u00a0 Zeitpunkt der Vollbl\u00fcte festgestellt am 20. Juli*<br \/>\n<\/span><span style=\"font-weight: 400;\">(auf dem Breitengrad von Le Mans)<\/span><\/p>\n<h4><b>Saatgutzusammensetzung:<\/b><\/h4>\n<p><span style=\"font-weight: 400;\">F\u00fcr landwirtschaftliche und kosmetische Anwendungen finden Sie nachfolgend Informationen zur Saatgutzusammensetzung:<\/span><\/p>\n<ul>\n<li><span style=\"font-weight: 400;\">Oil Inhalt: 32,5%<\/span><\/li>\n<li>Omega 3 Inhalt: 16,8%<\/li>\n<li>Omega 6 Inhalt: 57,7%<\/li>\n<li>Protein Inhalt: 25,9%<\/li>\n<\/ul>\n","protected":false},"excerpt":{"rendered":"<p><span style=\"font-weight: 400;\">Earlina ist die einzige Sorte, die ausschlie\u00dflich f\u00fcr die Saatgutproduktion in den geographischen Lagen Nordeuropas gez\u00fcchtet wurde. Ihre sehr kurze Wachstumsperiode ist perfekt an die Witterungsbedingungen im sp\u00e4ten Fr\u00fchjahr und fr\u00fchen Herbst angepasst.<\/span><\/p>\n","protected":false},"featured_media":79,"comment_status":"closed","ping_status":"closed","template":"","meta":[],"class_list":{"0":"post-82","1":"product","2":"type-product","3":"status-publish","4":"has-post-thumbnail","6":"product_cat-cbd","7":"product_cat-hanfsaatgut","8":"product_cat-koerner","9":"has-post-title","10":"has-post-date","11":"has-post-category","12":"has-post-tag","13":"has-post-comment","14":"has-post-author","15":"","17":"first","18":"instock","19":"shipping-taxable","20":"purchasable","21":"product-type-variable","22":"has-default-attributes"},"builder_content":"","_links":{"self":[{"href":"https:\/\/hemp-impact.com\/offer\/index.php?rest_route=\/wp\/v2\/product\/82","targetHints":{"allow":["GET"]}}],"collection":[{"href":"https:\/\/hemp-impact.com\/offer\/index.php?rest_route=\/wp\/v2\/product"}],"about":[{"href":"https:\/\/hemp-impact.com\/offer\/index.php?rest_route=\/wp\/v2\/types\/product"}],"replies":[{"embeddable":true,"href":"https:\/\/hemp-impact.com\/offer\/index.php?rest_route=%2Fwp%2Fv2%2Fcomments&post=82"}],"wp:featuredmedia":[{"embeddable":true,"href":"https:\/\/hemp-impact.com\/offer\/index.php?rest_route=\/wp\/v2\/media\/79"}],"wp:attachment":[{"href":"https:\/\/hemp-impact.com\/offer\/index.php?rest_route=%2Fwp%2Fv2%2Fmedia&parent=82"}],"curies":[{"name":"wp","href":"https:\/\/api.w.org\/{rel}","templated":true}]}}